5*y - 257. Let h(v) = q*r(v) - 4*l(v). Is h(0) a prime number?
False
Let m(u) = 39*u**2 - 166*u + 134. Is m(39) a prime number?
False
Let b(s) = 1207*s - 3066. Is b(11) a composite number?
False
Suppose 4*h + 4*k = 2*k + 1704, h - 425 = -k. Let s = 6076 - 5752. Let c = s + h. Is c a prime number?
True
Let x(n) = -252*n - 420. Let w be x(-8). Suppose -2*a + 3*m + 1404 = -362, 6 = -3*m. Suppose 0 = 5*d + y + 484 - w, a = 4*d + 4*y. Is d prime?
True
Let b be (-26)/6 - -4 - (-5660)/6. Suppose 4*c - 1171 = 7*u - 2*u, -3*c = 4*u + b. Let k = 1148 + u. Is k a composite number?
True
Let a be (1/2)/(1/18). Let b be -15*(-2)/(30/a). Suppose b*j - 167 = 580. Is j composite?
False
Let l = 62915 + -33736. Is l a composite number?
False
Let w be (-3)/(-5) + (-33156)/(-135)*-1. Suppose -816 = 2*c - 2*v, -4*v - 664 = 2*c + 128. Let k = w - c. Is k a composite number?
True
Suppose -14*j + 17*j - 4*j = -155437. Is j a prime number?
False
Let k = 674 - 671. Suppose -k*p = 3477 - 37068. Is p prime?
True
Is (946458/18)/(3/(-1) - -6) composite?
True
Let m = 23892 + -12875. Is m a prime number?
False
Suppose 8 = -3*d + 5*s + 20, 5*d + 3*s + 14 = 0. Suppose -5 = -3*p - 2*h - 0*h, -4*h = 3*p - 1. Is (17*d)/(3*p/(-45)) a prime number?
False
Let v(u) = u**2 - 3*u - 10. Let l(f) = -f**3 - 4*f**2 - 4*f + 3. Let a be l(-3). Let c be v(a). Is (((-3015)/36)/(1/c))/(-2) a composite number?
True
Suppose 0 = 4*b + 118 - 18. Let i = -22 - b. Suppose i*g - 946 = t, -5*g + 1570 = -2*t - t. Is g a composite number?
False
Let u(z) = 257*z - 81. Let g be u(-6). Let i = 3844 + g. Is i composite?
False
Let i(n) be the third derivative of n**6/120 - n**5/15 + n**4/2 + 14*n**3/3 - 113*n**2. Is i(9) a prime number?
True
Let p(q) = -14779*q + 144. Is p(-17) a prime number?
True
Let p(l) = -l**2 - 7*l + 131. Suppose -5*h - 5*h = h. Is p(h) a prime number?
True
Suppose -25*d = -18*d - 19453. Is d*(-3 + 138/42) a prime number?
False
Let x be (3/9*-3)/(6/(-37722)). Suppose -3*j + 820 = -x. Is j a composite number?
True
Let w(q) = -872*q - 29. Let p be w(-5). Suppose 4*z + 2*m - 4306 = 0, 3*z + z - p = 3*m. Is z a composite number?
True
Let q(h) = 2037*h - 478. Is q(27) composite?
False
Is (-1307781)/(-27) + (50/(-15) - -4) prime?
True
Suppose 0 = -5*u + s + 20, 54*u - 49*u - 5*s = 0. Suppose -p + 39987 = -f - 3*f, 159864 = 4*p + u*f. Is p a prime number?
True
Suppose 0 = -9*c + 57468 + 279924. Let y = c + -24247. Is y prime?
True
Let y(z) = 22*z**3 - 2*z**2 + 4*z - 3. Let w be y(1). Suppose w*t - t - 126980 = 0. Is t composite?
True
Suppose -88750723 + 24022331 = -296*k. Is k a prime number?
True
Let p = 12123 - 4756. Suppose -5*o - s - p + 56696 = 0, -2*o + 19718 = -3*s. Is o prime?
False
Let p(z) = -z**3 + z**2 - z + 4. Let s be 0*(4 - 3)/(1/(-1)). Let k be p(s). Is (k/(-6))/(12/(-7542)) prime?
True
Let s = -62 + 66. Suppose 0 = 5*h - s*p + 14850, -2*h = h + p + 8927. Is (-36)/(-27) - h/6 a composite number?
True
Let k(g) = -969*g + 84. Let c(x) = -970*x + 83. Let m(d) = -5*c(d) + 4*k(d). Is m(4) a prime number?
False
Suppose 0 = 4*z + t - 12, -4*z - 3*t - 2 = -22. Let q be (-10 - -323)*(1 - 4/z). Let i = 504 + q. Is i composite?
False
Let f(w) = -1059*w**2 - 2*w - 4. Let h be (28/(-6))/((-8)/12). Let j(l) = -2119*l**2 - 3*l - 7. Let k(z) = h*f(z) - 4*j(z). Is k(1) a composite number?
False
Let m(d) = 832*d**2 + 25*d - 172. Is m(-13) a prime number?
True
Let p(v) = v**2 + 5*v - 21. Let y be p(11). Let g = 34 + -32. Suppose -g*k + y = 37. Is k composite?
False
Let p = 259168 - 106805. Is p a prime number?
True
Is ((-2)/(-2) - 142134)*(2 - (-4 + 7)) composite?
True
Suppose -2*r - 6 = 0, -4*s + 11*r + 48 = 7*r. Is 130740/28 + s + (-2)/7 prime?
False
Let k(d) = 74*d**2 + 345*d - 87. Is k(-50) prime?
True
Suppose -144160 = -4*s - 4*l, -214*l = -216*l + 6. Is s composite?
False
Suppose -5*g + 35082 = z, -7 = 125*g - 126*g. Is z a prime number?
False
Let i = -42 - -62. Suppose -22908 - 70032 = -i*m. Is m a prime number?
False
Let n = -702574 + 2214465. Is n prime?
True
Suppose -9*z + 10 = 46. Is 269308/36 - z/18 a prime number?
True
Suppose 8*p + 1442 = -1520950. Let b = p + 286556. Is b a composite number?
True
Is (-23)/(345/195) - -877830 a composite number?
False
Suppose 0 = -55*j + 54*j + 5995. Let t = j - 3518. Is t prime?
True
Let p(m) = m**3 - 18*m**2 - 3*m - 2. Let h be p(21). Suppose -5*z + 1258 = -3*z - 5*l, -h = -2*z - l. Is z prime?
False
Suppose 31*b = 26*b - 155. Suppose -2*t + 3*d - 2730 = -6*t, 5*t + d = 3418. Let k = t + b. Is k a prime number?
True
Let u(s) = -99*s**3 - 3*s**2 - 4*s + 2. Let v be u(-2). Let j = v + -579. Is j a composite number?
False
Suppose 10*j - 2420025 = 261545. Suppose 12*x = -11*x + j. Is x a composite number?
True
Let h = 55252 + -25335. Is h a composite number?
False
Let i = 39 - 34. Is 3567 - 24/30*i a prime number?
False
Let h = 42109 + -21782. Is h composite?
False
Let j be (1/(-1)*0 - -3)/1. Suppose 5*i - j*i = 4. Suppose 0 = -2*x - i*f + 582, f = 4*x - f - 1176. Is x prime?
True
Is 6/144 - 140942360/(-960) prime?
False
Suppose 0 = -5*z - x + 369570, -z + 4*x + 73903 = 2*x. Suppose 25*d - 18*d = z. Is d a composite number?
False
Let b be ((-26)/(-4))/((-12)/(-24)). Suppose b*g - 3134 = 11*g. Is g a composite number?
False
Let g(z) = z**3 - 2*z**2 - 4*z + 5. Suppose 0 = 5*b - 4*b - 3. Let q be g(b). Suppose 0 = q*a - 64 - 66. Is a composite?
True
Let a = -21409 - -174722. Is a a composite number?
False
Let i = -214707 + 363728. Is i prime?
True
Let m be 84 + -3 + (-7 - -8). Let p = m + -43. Is (1/((-6)/(-2714)))/(13/p) composite?
True
Let g(r) = -112*r**3 - 2*r**2 - 3*r - 1. Let s = -19 - -17. Let m be g(s). Suppose -v + 5*v = 5*d - 886, 5*d - m = -3*v. Is d prime?
False
Suppose 9*x - 13*x - 21 = -p, -4*x = -5*p + 41. Suppose g - 26*r = -21*r + 4886, -24343 = -p*g - 4*r. Is g a prime number?
True
Let a be 1 - (-2)/(-4) - 12/(-8). Let w be -5 - (-5853 + a + 4). Let q = w + -3869. Is q composite?
False
Suppose -17*s + 19*s - 2 = 0. Is (-21786)/(-8) - -7*s/(-28) a prime number?
False
Let f = 154942 + -75011. Is f a prime number?
False
Let w(f) = -f**3 - 6*f**2 + 7*f + 9. Let p be w(-7). Let d = 584 + 79. Is p/((-45)/(-20)) + d composite?
True
Let l(a) be the third derivative of -1343*a**4/3 - 7*a**3/2 - 134*a**2. Is l(-2) a composite number?
False
Suppose -6*v + 29 - 11 = 0. Suppose -2*f + 4*b - 6101 = -5*f, v*b = -5*f + 10183. Is f composite?
False
Let r(v) = -13*v**2 - 18*v + 65*v**2 - 8*v**2 + 0*v**2 + 17. Is r(4) a composite number?
True
Let n = -4108 + 7620. Suppose -3*d = -n - 6961. Is d prime?
True
Suppose -402485 = -17*p - 18*p + 273050. Is p a composite number?
False
Let g = 84 + -80. Let p = 222 - g. Is p composite?
True
Is (19924/(-20))/17*-295 a prime number?
False
Let c(w) = -w**2 + w + 26. Let x be c(6). Is 0 + x + (15 - -9978) a prime number?
False
Let j(q) = -14*q - 14. Let s(c) = -2*c**2 + 27*c + 17. Let m be s(14). Let u be j(m). Let w = 213 + u. Is w a prime number?
True
Let l = -45280 - -87087. Is l a prime number?
False
Suppose -8*f = 41 - 129. Suppose 0 = -f*x + 6*x + 1285. Suppose 2*h + 4*k = 770, h + 4*k = x + 134. Is h a composite number?
False
Let d(w) = 2*w**2 + 60*w + 70. Let i be d(-28). Is (i/4)/(8 + (-45107)/5638) a composite number?
True
Let l be 94/1 - -1*2. Let a = l + -91. Suppose 3*t - 2*t = q - 3297, -a*q = 3*t - 16501. Is q composite?
False
Suppose -2*h + 14 - 6 = 0. Suppose h*k = -447 + 127. Let u = 2 - k. Is u a prime number?
False
Let m = 1 - -911. Let l = -1835 + m. Let w = l - -2010. Is w composite?
False
Let c(k) = -7*k**3 + 7*k**2 + 4*k + 19. Suppose -121 - 71 = -4*h + 4*j, -93 = -2*h + j. Let a = -51 + h. Is c(a) composite?
False
Suppose 5*t = -3*d - 84, 3*t = t - 5*d - 45. Is 3111 - (-5)/t*12 composite?
True
Suppose 0 = -13*p + 9 + 17. Suppose 0 = p*h + 3*h - 2*k + 25112, -2*k = -4*h - 20088. Let w = h + 7951. Is w composite?
False
Suppose 0 = 5*o - w + 505, 0 = 5*o - 5*w + 2*w + 505. Let p = 260 + o. Let g = 925 - p. Is g prime?
False
Suppose -86*d - 89*d = -972475. Is d composite?
False
Let b(t) = -2*t**3 - 8*t**2 + 17*t - 32. Let c be b(-14). Let n = -6903 + c. Is -2 + 3/(-12) + n/(-4) a prime number?
True
Suppose 50407192 = -6396*o + 6484*o. Is o a composite number?
True
Suppose 3*z = -9*n + 12*n + 2